
Let o = -14 + 25. Let s(y) = y**2 - 11*y. Let t be s(o). Suppose -3*p + 72 + 42 = t. What are the prime factors of p?
2, 19
Let k be (0 + 186/(-4))/((-3)/(-4)). Let z be 103/((1/1)/(-1)). Let m = k - z. What are the prime factors of m?
41
Suppose -61*w + 44139 = 14798. List the prime factors of w.
13, 37
Suppose -4*y - p = -8, 0 = 3*y - y + p - 4. List the prime factors of (654/6 - 2)*y.
2, 107
Let s(a) = a**3 + 4*a**2 - 7*a - 3. Let o be s(-5). Let n(i) = i + 9. What are the prime factors of n(o)?
2
Let i(k) be the first derivative of -k**4/4 - 5*k**3/3 + 5*k**2/2 - 7*k - 1. Let y be i(-6). List the prime factors of y + -3 + (-224)/(-7).
2, 7
Suppose l = -16*l + 170. Suppose -l*z + 2295 = 285. What are the prime factors of z?
3, 67
Let s(x) = -x - 1. Let z be s(-4). Let k(m) = 2*m - 3 - 4*m + 6*m. What are the prime factors of k(z)?
3
Suppose -5*v = -2*v - 4*j - 2732, -5*v + 4558 = -2*j. List the prime factors of v.
2, 3, 19
Suppose 2*x - 3700 = 3*g, -17*g = 2*x - 16*g - 3700. What are the prime factors of x?
2, 5, 37
Let g be 3 - (-9)/((-9)/(-628)). Suppose 0 = -b - 3*i + 150, -4*b + 33 = -4*i - g. Let l = b - 109. What are the prime factors of l?
53
Let r = -2136 + 3187. What are the prime factors of r?
1051
Suppose i + 5*l + 2010 = 0, 2*i - 4*l + 3080 = -898. Let k be (-12)/10*i/38. Let b = k - 16. List the prime factors of b.
47
Let u(l) = 37*l - 32. List the prime factors of u(6).
2, 5, 19
Suppose 4*f + f - 61 = u, u - 11 = -f. List the prime factors of (2 + -5)/(-1) - (0 - f).
3, 5
Suppose 3*s - 2*g - 5 - 15 = 0, s - 2*g = 8. Let a be -1*0/(1/(-1)). Suppose a = t - s*t + 110. What are the prime factors of t?
2, 11
Let p be 4/18 - (-3)/((-54)/22). What are the prime factors of 68 - (p - 0/(-4) - 0)?
3, 23
Let w be (-2)/(-7) - 94/(-14). Let p be w/(14/88) - -2. Suppose -4*u + 30 = -p. What are the prime factors of u?
19
Suppose -2*y - 4 = 2*m + 2*m, 4*y + 2*m + 14 = 0. List the prime factors of (-1)/y - (8334/8)/(-9).
2, 29
Let g(d) = -79*d - 95. List the prime factors of g(-8).
3, 179
Let l(t) = -3*t + 73. What are the prime factors of l(-16)?
11
Let i(k) = k**2 + 4*k - 1. Let m(g) = -g**2 + 12*g - 8. Let c be m(11). Suppose 5*h - 11 = 3*s, -3*s - c*h + 6*h = 3. What are the prime factors of i(s)?
2, 5
Let q = -6 - -10. Let i be (q/8)/(1/(-6)). What are the prime factors of 2 - (i - (24 + 0))?
29
Let v = 103 - 123. List the prime factors of (-4)/v*-582*10/(-4).
3, 97
Let p = 225 + 157. What are the prime factors of p?
2, 191
What are the prime factors of (-1543)/(-2) + 1/2?
2, 193
List the prime factors of (-282 - 2)*(-189)/36.
3, 7, 71
Suppose 3*x = 3*b + 12, -3*b - 4*x - 8 = 18. Let c = -67 + 82. Let o = c + b. List the prime factors of o.
3
Let j = 104 + -102. Suppose -4*i = 5*o - 6, -i - 2 = o - 4. Suppose 2*x + 0*x = 3*z + 124, i = j*z. List the prime factors of x.
5, 13
Let a be (0 - 1 - 10) + 3. Let o = -10 - a. Let m = o + 28. What are the prime factors of m?
2, 13
Let g(z) = z**2 - 8*z + 10. Suppose -2*j = j - 15. Let f be j/1*(-104)/(-65). List the prime factors of g(f).
2, 5
Let f(k) = k**3 - 5*k**3 - 5*k - 6*k**2 + 3*k**3 - 13. What are the prime factors of f(-7)?
71
Let x(a) = 88*a**2 - 72*a - 284. List the prime factors of x(-4).
2, 353
Let t(p) = 12*p**2 + 28*p + 2. What are the prime factors of t(-8)?
2, 3, 7, 13
Suppose 0 = -30*k + 22*k + 2536. What are the prime factors of k?
317
Let a(g) = g**2 + 10*g - 5. Let i be a(-5). Let p be i*((-6)/15 - 0). Suppose -2*w = -2*r + p, -r - 5*w - 1 = 5. What are the prime factors of r?
2
Suppose 2*p + 3*p - 3*u - 2055 = 0, 5*p = u + 2065. List the prime factors of p.
2, 3, 23
Suppose 5*z = j - 2*j + 19, 5*z - 3*j = 23. Suppose 3*m - 7 = -5*r + 3, -10 = -z*m - 5*r. Suppose m = y + 2 - 22. List the prime factors of y.
2, 5
Suppose -y = -4*y + 45. Let h be (4/2)/(3/y). Let j = h + 0. List the prime factors of j.
2, 5
Let m = 832 - 440. List the prime factors of m.
2, 7
Suppose 9 = -b + 2. Let t(f) = -8*f. What are the prime factors of t(b)?
2, 7
Let a be 4*((-2)/8 - -1). List the prime factors of ((-2988)/27)/((-2)/a).
2, 83
Let t(f) = -42*f + 29. What are the prime factors of t(-3)?
5, 31
Let k = -9 + 9. Suppose 5*p + k = -5. What are the prime factors of p/(-3) - (-59)/3?
2, 5
List the prime factors of 16/((-176)/(-7733)) - (-2 + 9).
2, 3, 29
Let n = 12 - 7. Let o be 2/n + 48/5. What are the prime factors of (-6)/o - 172/(-20)?
2
Let z be (-70)/8 + 3/(-12). Let m(x) = -x**2 - 9*x + 15. What are the prime factors of m(z)?
3, 5
Let u = 406 + -113. List the prime factors of u.
293
Let c = 20 - 17. Let a(z) = -4 + 2 - 2*z - c + 3. List the prime factors of a(-2).
2
Let r = 2449 + -754. What are the prime factors of r?
3, 5, 113
Let r(o) = 5*o - 3. Let m(w) = 9*w - 7. Let k(z) = -4*m(z) + 7*r(z). Let l be k(5). List the prime factors of 94/4 - l/(-4).
2, 3
Let n(v) = 6*v**2 - 29*v - 190. List the prime factors of n(-12).
2, 7, 73
List the prime factors of 694 - (-8 + 9)*(-2)/2.
5, 139
Suppose 2*k = l + 11, 4*k + 3*l + 5 = 3*k. List the prime factors of k.
2
Suppose -2*f + 7*z + 1516 = 5*z, 5*z = 3*f - 2264. What are the prime factors of f?
7, 109
Suppose -4*z = 4*p + z + 47, -3*p = -2*z + 64. Let m = 83 + p. Let a = m + -46. List the prime factors of a.
19
Let q = -8 - -11. Suppose -q*b = 2*b - 85. Suppose 2*a + a = n - b, -4*a = -4*n + 68. What are the prime factors of n?
17
Suppose 199 = -3*g + 4*g. Suppose -g = -4*s + 21. List the prime factors of s.
5, 11
Let j(k) = 2*k**2 + 8*k + 10. Suppose 4*p = d - 6*d - 47, 2*d + 20 = -2*p. What are the prime factors of j(d)?
2, 13
What are the prime factors of 1945548/1485 + 4/(-30)?
2, 5, 131
Suppose d - 4*c = 4138, 17*c - 13*c + 8 = 0. List the prime factors of d.
2, 5, 7, 59
Let k(o) = -12*o**2 + 2*o + 7. Let d be k(3). Let p = d + 159. What are the prime factors of p?
2
Let g(j) = j**3 + 8*j**2 + 7*j + 3. Suppose o = 1 - 8. Let r be g(o). Let p = r + 4. What are the prime factors of p?
7
Let v be (-2)/(6/(-9)) + 1. Let y(z) = z**2 - 4*z + 3. Let o be y(v). Let x(g) = g**3 - g**2 - 3*g - 1. What are the prime factors of x(o)?
2
Suppose 5*g - 5*l = 0, 0 = -5*g - 3*l + 20 + 20. Suppose -g*z = -3*w - 0*w + 1, -z - 9 = -5*w. List the prime factors of 6 - 8 - (-30 - z).
29
Let w be (-3)/((-9)/2)*-9. Let g = w + 29. Let o = g + -2. What are the prime factors of o?
3, 7
Let t = 139 - -73. What are the prime factors of t?
2, 53
List the prime factors of (-12)/18*(-120915)/30.
2687
Let y(c) = -c + 12. Let m be y(5). Let g(k) = -k**2 + 7*k - 7. Let v(f) = 2*f**2 - 15*f + 15. Let u(a) = -5*g(a) - 2*v(a). What are the prime factors of u(m)?
19
Let w = -163 - -237. List the prime factors of 19/38*w*1.
37
Suppose -2*m = -u - 177, -20*u - 25 = -15*u. List the prime factors of m.
2, 43
Let t be -169 + 8/(4 + -2). Let d = t + 239. What are the prime factors of d?
2, 37
Let c = -38 + 80. What are the prime factors of 14/c + (-440)/(-3) + 1?
2, 37
Let h(l) = 8*l**2 + 3*l - 5. Let a be (-22)/(-4) + 15/(-10). Let j(p) = -p + 1. Let x(n) = a*j(n) + h(n). List the prime factors of x(-1).
2
Let b = 20 + -12. Suppose 0 = 3*v - 14 + 5. Let d = v + b. List the prime factors of d.
11
Let q = -2128 + 3407. What are the prime factors of q?
1279
Let o(x) = x**2 + 9*x - 7. Let h be o(-10). Let q = h - 21. List the prime factors of (0 - (-2 + q)) + -2.
2, 3
Let m = -451 - -770. List the prime factors of m.
11, 29
Let i(k) be the third derivative of k**5/10 - k**4/8 + 2*k**2. Let s be i(3). Suppose 3*n - 6*n = -s. What are the prime factors of n?
3, 5
Let s(v) = v**3 + 6*v**2 + 7*v - 2. Let y be s(-5). What are the prime factors of (-9)/(28/y - -2)?
3
Let m be (-3)/(-4 - -3) - 2. What are the prime factors of m/(-2)*(-133 - -5)?
2
Suppose 5*u + 291 - 1856 = 0. List the prime factors of u.
313
Suppose 3*w + 1952 = 623. Let o = w + 629. What are the prime factors of o?
2, 3, 31
Let t = 654 - 275. Suppose -3*v - 19 = -t. What are the prime factors of v?
2, 3, 5
Let v(z) be the second derivative of 89*z**5/20 - z**2/2 + 8*z. List the prime factors of v(1).
2, 11
Suppose 0 = 14*j - 16*j - 512. List the prime factors of ((-6)/(-4))/(-8 - 2051/j).
2
Suppose 5*z - 2*k = 8561, 3*z - 4646 - 496 = 3*k. What are the prime factors of z?
29, 59
Let y(t) = 926*t**3 - t**2 + t + 1. Wha